1100110 (base 2) to base 10.
698726
Convert -732696 (base 10) to base 4.
-2302320120
-480480 (base 9) to base 7
-2312541
-122ca3 (base 15) to base 8
-3243524
What is -143182 (base 13) in base 12?
-1b8b57
What is 2e765 (base 16) in base 6?
4025021
115442 (base 11) to base 7
1361112
What is 4a418c (base 13) in base 14?
3448c7
1010110333 (base 4) to base 16
4453f
-2b80de (base 16) to base 9
-5324800
-11202022222 (base 3) to base 14
-26146
Convert -94c4d2 (base 15) to base 3.
-111022121211122
Convert 59a2a05 (base 11) to base 2.
100111111001000111001111
What is 13323a (base 13) in base 12?
1a45aa
What is c4488 (base 13) in base 10?
352308
What is -14f3e (base 16) in base 8?
-247476
What is -335422355 (base 6) in base 15?
-816172
What is 1225100414 (base 6) in base 16?
d9413a
Convert 211827 (base 9) to base 4.
132301231
What is 2002220101121 (base 3) in base 6?
40001154
What is 6e0dbb (base 15) in base 13?
1125b27
What is 3a5cc2 (base 14) in base 6?
111055254
Convert -101101100011101001 (base 2) to base 3.
-100110222011
Convert 308053 (base 9) to base 10.
183027
-101001010011010001 (base 2) to base 5
-20403134
Convert 10111011011100000 (base 2) to base 13.
348b2
Convert 2312353 (base 7) to base 6.
10105531
102011320001 (base 4) to base 14
8b6533
-11730 (base 15) to base 2
-1101100101000100
What is 1421214201 (base 5) in base 14?
6c2794
-11c3b9 (base 15) to base 14
-182389
What is -34b7a1 (base 12) in base 5?
-204141302
-13acb0 (base 13) to base 15
-97847
934c9 (base 15) to base 6
14001143
What is 2698a6 (base 12) in base 13?
194a6c
What is -131336 (base 8) in base 9?
-68727
Convert -33103031203 (base 4) to base 14.
-765975
Convert -e97de (base 15) to base 7.
-6204041
-20c4a (base 16) to base 13
-49126
What is 86cd9a (base 14) in base 13?
c3c696
What is 2305740 (base 8) in base 10?
625632
Convert 2102340022 (base 5) to base 13.
b8c571
Convert -16b061 (base 12) to base 6.
-12224201
-4520266 (base 7) to base 8
-2104733
-130400 (base 5) to base 16
-13ec
Convert -2c51d (base 14) to base 9.
-177844
What is 30296 (base 15) in base 16?
25392
5352340 (base 8) to base 13
3b12cb
385f0 (base 16) to base 4
320113300
10152041 (base 6) to base 7
2335015
Convert -100112020011 (base 3) to base 14.
-4c4a3
What is -581bd7 (base 14) in base 3?
-12122111100001
-80da (base 15) to base 3
-1101022121
Convert 7477 (base 16) to base 3.
1111220021
What is -32020000 (base 4) in base 16?
-e200
What is -974236 (base 10) in base 2?
-11101101110110011100
-41c96 (base 13) to base 16
-1cf40
73414 (base 9) to base 2
1011110101000011
Convert -4033513 (base 6) to base 10.
-191349
What is 2b6b62 (base 15) in base 5?
1014122232
What is -2045424 (base 6) in base 15?
-1e841
-2ac23 (base 15) to base 8
-415005
-1125686 (base 13) to base 12
-1920285
Convert -2385359 (base 11) to base 4.
-33311103111
-a3952 (base 12) to base 14
-57d4a
-15b687 (base 12) to base 6
-11552251
-16012306 (base 7) to base 2
-101110110001100000101
What is -16347 (base 8) in base 9?
-11131
-59b58 (base 13) to base 8
-501236
-7440072 (base 8) to base 10
-1982522
What is -52633 (base 10) in base 9?
-80171
-18f71d (base 16) to base 13
-45392a
Convert 22860308 (base 9) to base 4.
222133323131
Convert -21513 (base 8) to base 3.
-110101122
-100020121022 (base 3) to base 12
-89375
-1213145 (base 8) to base 5
-41132123
What is -11100010001010100111111 (base 2) in base 16?
-71153f
-6b4c (base 16) to base 2
-110101101001100
-422252422 (base 6) to base 12
-2587112
187416 (base 10) to base 14
4c42c
-333230321 (base 4) to base 11
-169041
What is 3872880 (base 9) in base 4?
20010110010
What is -7d73 (base 14) in base 16?
-5561
What is 20f6f0 (base 16) in base 10?
2160368
What is -1a9b7 (base 14) in base 11?
-46a1a
What is -201111001002 (base 3) in base 9?
-644032
-36034 (base 12) to base 14
-1c66c
cde831 (base 15) to base 14
1438889
What is -4691747 (base 10) in base 15?
-62a232
Convert -10101011110100101010 (base 2) to base 5.
-140010121
2631584 (base 9) to base 3
2201001122211
4217c7 (base 15) to base 14
5bba35
100331021 (base 6) to base 13
479cc5
Convert -860739 (base 10) to base 12.
-356143
4b119 (base 12) to base 9
165063
What is -24bbb2 (base 12) in base 16?
-92cf6
Convert 131398 (base 15) to base 7.
10531634
Convert b796 (base 14) to base 11.
21898
What is 1b10bd (base 15) in base 14?
264d99
Convert -7969222 (base 10) to base 16.
-7999c6
d9cb5 (base 15) to base 5
134110440
10320130332 (base 4) to base 6
43233010
What is -33201023 (base 4) in base 5?
-4013223
Convert 1ba551 (base 13) to base 16.
acef9
Convert 110646 (base 11) to base 4.
223011110
What is -10223132202 (base 4) in base 12?
-4b1a56
Convert 19941 (base 15) to base 11.
57473
What is 11343304130 (base 5) in base 6?
1152112255
769479 (base 10) to base 15
102ed9
What is 113013202231 (base 4) in base 12?
2043091
aabc8 (base 14) to base 16
650ec
Convert -385902 (base 10) to base 9.
-647320
-433543031 (base 6) to base 15
-a2e331
110212001111 (base 3) to base 4
331301023
-59013 (base 10) to base 15
-12743
Convert -144775 (base 8) to base 3.
-2121221011
What is -583211b (base 12) in base 8?
-100630447
4342211342 (base 5) to base 7
142230251
-1130100 (base 7) to base 2
-100010100110001100
26770b (base 12) to base 6
21340415
What is 321141004 (base 5) in base 10?
1349504
Convert -525444 (base 7) to base 10.
-90780
-379ca (base 13) to base 12
-4b565
Convert 444100 (base 6) to base 5.
2142223
-3ded7 (base 15) to base 10
-199102
What is 1127875 (base 10) in base 2?
100010011010111000011
Convert -33022 (base 7) to base 5.
-230443
What is 20127 (base 14) in base 8?
226407
3c6541 (base 14) to base 11
11a97a7
-4e1c8b (base 16) to base 14
-9737d1
210220222100110 (base 3) to base 13
254c6c1
Convert 739a78 (base 12) to base 4.
12330212330
What is -123133320 (base 4) in base 11?
-77693
What is 412031342 (base 5) in base 4?
12120223310
103022402 (base 5) to base 3
211022100001
Convert 103031103013 (base 4) to base 12.
1829a87
What is 21324144 (base 6) in base 14?
126b72
Convert 715042 (base 15) to base 12.
197732b
What is 220716 (base 10) in base 4?
311320230
Convert 3c01b0 (base 13) to base 15.
1dba33
What is 3464322 (base 7) in base 9?
734213
79 (base 12) to base 15
63
Convert -487234 (base 13) to base 7.
-20462020
Convert 212ba9 (base 12) to base 3.
222121012110
19a0a58 (base 13) to base 3
120220121012111
What is 75670 (base 12) in base 3?
21212021010
-4821380 (base 9) to base 12
-a5b916
Convert -7915 (base 11) to base 16.
-28b6
Convert 1000001001111001110111 (base 2) to base 4.
20021321313
-101101001101111000 (base 2) to base 12
-8b220
Convert 31031332 (base 4) to base 16.
d37e
Convert 23860d (base 15) to base 2.
110011110110010101100
-2cfc63 (base 16) to base 13
-7c2bc3
Convert -a5ab59 (base 14) to base 12.
-1a608a3
45427274 (base 8) to base 10
9842364
What is 1011100100000010010000 (base 2) in base 15?
3ed1de
-568a3b (base 13) to base 4
-13303302223
What is -17524 (base 11) in base 10?
-24589
Convert -2040510 (base 6) to base 10.
-98682
What is 312302000 (base 4) in base 2?
110110110010000000
What is -660e1 (base 15) in base 12?
-137757
Convert -203206 (base 12) to base 14.
-d150a
What is -3821817 (base 10) in base 12?
-1343849
702036 (base 15) to base 5
2330304201
What is -121112111211 (base 3) in base 13?
-b5210
4107460 (base 8) to base 12
444040
-2520224 (base 6) to base 16
-20ed8
What is 560416 (base 7) in base 15?
1e36a
-e861e2 (base 15) to base 6
-1032553305
42065630 (base 7) to base 13
971c90
What is -31ee3 (base 16) in base 14?
-54763
112122122212 (base 3) to base 5
33212222
Convert 128668 (base 10) to base 2.
11111011010011100
48b0 (base 13) to base 12
5b4b
What is -100443310 (base 5) in base 3?
-202122001000
What is -238b9a (base 16) in base 15?
-31034d
Convert 475532 (base 8) to base 5.
20201100
What is 17739 (base 14) in base 8?
163247
What is -110313103 (base 4) in base 13?
-2cb8a
Convert 311243441 (base 5) to base 15.
1a2b16
What is -3954b (base 15) in base 16?
-2cc96
Convert -20201012110010 (base 3) to base 9.
-6635403
-1524b (base 13) to base 12
-1b14b
What is -38b93 (base 12) in base 7?
-442416
-466277 (base 9) to base 7
-2244550
What is 2a0d9d (base 14) in base 2?
101100101000011011111
Convert 630640 (base 11) to base 9.
1810742
-935619 (base 10) to base 9
